 base 7.
352
What is df (base 16) in base 4?
3133
What is 3 (base 13) in base 6?
3
Convert 18b (base 12) to base 14.
13d
What is -11 (base 8) in base 4?
-21
-10302 (base 4) to base 9
-370
-13 (base 12) to base 10
-15
Convert 3 (base 8) to base 15.
3
What is -4 (base 14) in base 15?
-4
Convert -13 (base 11) to base 9.
-15
What is 2 (base 12) in base 9?
2
What is -301 (base 4) in base 3?
-1211
-13 (base 5) to base 13
-8
Convert -18 (base 14) to base 11.
-20
What is 4 (base 11) in base 6?
4
-21 (base 6) to base 9
-14
What is -41 (base 15) in base 10?
-61
Convert 3b (base 14) to base 7.
104
What is 23 (base 9) in base 2?
10101
Convert -201 (base 3) to base 2.
-10011
What is c (base 15) in base 12?
10
-3b (base 13) to base 15
-35
Convert -10022 (base 4) to base 11.
-222
What is -10 (base 16) in base 13?
-13
102 (base 3) to base 6
15
3 (base 12) to base 14
3
What is -55 (base 9) in base 7?
-101
Convert 6 (base 11) to base 12.
6
Convert 1a (base 14) to base 6.
40
What is -11 (base 2) in base 12?
-3
-10 (base 13) to base 14
-d
-100 (base 2) to base 11
-4
Convert 10 (base 7) to base 3.
21
What is 8 (base 14) in base 9?
8
What is 1 (base 13) in base 2?
1
What is 1 (base 16) in base 3?
1
What is 121 (base 4) in base 3?
221
Convert -3a (base 14) to base 5.
-202
What is 34 (base 5) in base 3?
201
Convert 4 (base 7) to base 10.
4
Convert -2 (base 14) to base 12.
-2
What is 14 (base 5) in base 2?
1001
Convert 23 (base 8) to base 13.
16
What is -14 (base 12) in base 13?
-13
What is 5 (base 9) in base 10?
5
What is -100101 (base 2) in base 15?
-27
Convert -d8 (base 14) to base 15.
-ca
What is -8 (base 13) in base 3?
-22
Convert e5 (base 15) to base 12.
15b
What is 2 (base 13) in base 16?
2
Convert 13 (base 12) to base 6.
23
What is -1011 (base 4) in base 8?
-105
What is -188 (base 12) in base 15?
-118
Convert -25 (base 9) to base 3.
-212
Convert -3 (base 13) to base 15.
-3
1 (base 9) to base 8
1
Convert 7 (base 10) to base 4.
13
What is 20 (base 4) in base 14?
8
48 (base 11) to base 13
40
What is -121 (base 3) in base 4?
-100
Convert -3 (base 10) to base 5.
-3
-12 (base 6) to base 3
-22
What is 12 (base 7) in base 3?
100
Convert 43 (base 5) to base 8.
27
Convert -1 (base 12) to base 9.
-1
What is 3 (base 5) in base 6?
3
11 (base 3) to base 6
4
c (base 16) to base 13
c
Convert -20 (base 4) to base 5.
-13
-1012 (base 3) to base 14
-24
-17 (base 12) to base 9
-21
Convert 1 (base 14) to base 9.
1
What is 7 (base 10) in base 12?
7
Convert -1cd (base 14) to base 15.
-1a2
What is 28 (base 14) in base 12?
30
What is -1002 (base 3) in base 16?
-1d
Convert -11 (base 16) to base 10.
-17
Convert 1122 (base 3) to base 12.
38
Convert -10 (base 9) to base 14.
-9
Convert 1 (base 10) to base 5.
1
Convert -23 (base 10) to base 2.
-10111
What is -7 (base 12) in base 14?
-7
What is -2 (base 4) in base 12?
-2
2 (base 11) to base 14
2
Convert -11 (base 2) to base 5.
-3
What is 2 (base 7) in base 13?
2
1 (base 12) to base 6
1
Convert 65 (base 15) to base 6.
235
Convert -4 (base 9) to base 7.
-4
What is 45 (base 8) in base 6?
101
36 (base 9) to base 15
23
What is 10 (base 3) in base 10?
3
-2 (base 5) to base 4
-2
3 (base 13) to base 9
3
What is -10a (base 11) in base 8?
-203
131 (base 4) to base 5
104
16 (base 12) to base 6
30
Convert -eb (base 15) to base 7.
-434
Convert -22 (base 3) to base 15.
-8
-3 (base 10) to base 6
-3
1 (base 4) to base 7
1
Convert 0 (base 8) to base 2.
0
1d (base 15) to base 11
26
Convert -100 (base 5) to base 6.
-41
What is 10 (base 2) in base 9?
2
Convert 22 (base 8) to base 15.
13
-5 (base 13) to base 6
-5
What is -5 (base 12) in base 5?
-10
201 (base 7) to base 16
63
What is -3 (base 12) in base 3?
-10
202 (base 3) to base 10
20
Convert -c (base 15) to base 13.
-c
10 (base 4) to base 9
4
10 (base 2) to base 9
2
Convert 0 (base 8) to base 3.
0
Convert -4 (base 12) to base 8.
-4
Convert -17 (base 14) to base 13.
-18
Convert -13 (base 6) to base 5.
-14
Convert -7 (base 12) to base 16.
-7
Convert 1022 (base 3) to base 9.
38
What is -11 (base 4) in base 13?
-5
Convert 0 (base 11) to base 12.
0
What is 17 (base 9) in base 6?
24
Convert 11 (base 2) to base 10.
3
44 (base 14) to base 15
40
Convert -4 (base 7) to base 3.
-11
What is 10111001 (base 2) in base 6?
505
-4 (base 15) to base 12
-4
Convert -1 (base 16) to base 5.
-1
-7 (base 8) to base 16
-7
121 (base 3) to base 15
11
Convert -5 (base 11) to base 7.
-5
-65 (base 16) to base 2
-1100101
1b (base 15) to base 3
222
1 (base 4) to base 8
1
What is -20 (base 14) in base 2?
-11100
Convert 20 (base 12) to base 7.
33
-17 (base 15) to base 11
-20
Convert 26 (base 8) to base 10.
22
Convert -24 (base 5) to base 16.
-e
-30 (base 8) to base 6
-40
What is -5 (base 14) in base 4?
-11
1 (base 9) to base 8
1
21 (base 9) to base 5
34
-12 (base 6) to base 14
-8
What is -21 (base 16) in base 12?
-29
What is b (base 15) in base 8?
13
Convert -7 (base 16) to base 5.
-12
-87 (base 9) to base 8
-117
What is 1143 (base 5) in base 3?
20102
Convert -107 (base 9) to base 8.
-130
-2 (base 5) to base 8
-2
Convert -9 (base 13) to base 3.
-100
What is -2 (base 6) in base 11?
-2
What is -55 (base 8) in base 7?
-63
What is 83 (base 11) in base 9?
111
3 (base 5) to base 9
3
What is -19 (base 16) in base 4?
-121
Convert 51 (base 16) to base 3.
10000
Convert 18 (base 11) to base 15.
14
Convert 70 (base 16) to base 11.
a2
What is 0 (base 13) in base 9?
0
66 (base 7) to base 13
39
What is 10 (base 15) in base 10?
15
Convert 1 (base 14) to base 4.
1
10 (base 5) to base 16
5
Convert -3 (base 16) to base 7.
-3
4 (base 7) to base 15
4
-27 (base 8) to base 16
-17
What is 2030 (base 5) in base 2?
100001001
Convert 3 (base 6) to base 3.
10
What is 25 (base 15) in base 11?
32
What is 40 (base 5) in base 16?
14
5 (base 14) to base 9
5
3 (base 9) to base 7
3
3 (base 6) to base 2
11
What is 215 (base 6) in base 15?
58
What is 2 (base 16) in base 4?
2
What is 221 (base 6) in base 2?
1010101
What is -6c (base 14) in base 13?
-75
Convert 3 (base 12) to base 11.
3
What is -4 (base 16) in base 10?
-4
Convert 7 (base 15) to base 6.
11
Convert 12 (base 5) to base 7.
10
443 (base 5) to base 8
173
Convert -2 (base 13) to base 11.
-2
-11 (base 15) to base 8
-20
Convert 13a (base 13) to base 4.
3122
Convert -97 (base 12) to base 7.
-223
22 (base 6) to base 15
e
-1 (base 2) to base 6
-1
What is 3 (base 15) in base 2?
11
0 (base 5) to base 3
0
Convert -20 (base 7) to base 2.
-1110
What is -5 (base 7) in base 14?
-5
Convert c (base 13) to base 15.
c
Convert -35 (base 9) to base 5.
-112
What is -174 (base 9) in base 8?
-224
Convert 31 (base 6) to base 5.
34
Convert 0 (base 14) to base 16.
0
Convert -18 (base 16) to base 12.
-20
Convert 1100 (base 2) to base 13.
c
-13 (base 12) to base 16
-f
What is -552 (base 6) in base 11?
-183
What is 28 (base 15) in base 6?
102
What is 5 (base 12) in base 8?
5
Convert 1 (base 6) to base 11.
1
What is -3 (base 11) in base 10?
-3
What is 229 (base 10) in base 4?
3211
What is 100 (base 2) in base 6?
4
What is 42 (base 5) in base 6?
34
Convert c (base 15) to base 7.
15
What is -10 (base 3) in base 6?
-3
27 (base 9) to base 13
1c
Convert -12 (base 9) to base 4.
-23
25 (base 11) to base 2
11011
Convert -11 (base 4) to base 10.
-5
What is -3 (base 5) in base 11?
-3
Convert 46 (base 16) to base 11.
64
What is -1 (base 13) in base 4?
-1
What is 1 (base 5) in base 14?
1
Convert 20 (base 9) to base 11.
17
What is -20 (base 3) in base 5?
-11
Convert 95 (base 10) to base 13.
74
Convert 1 (base 8) to base 7.
1
-13 (base 16) to base 5
-34
-26 (base 10) to base 2
-11010
What is -2 (base 5) in base 14?
-2
Convert 0 (base 6) to base 5.
0
Convert -40 (base 7) to base 13.
-22
-4 (base 12) to base 2
-100
Convert -12 (base 3) to base 2.
-101
What is 37 (base 14) in base 3?
1211
1 (base 12) to base 11
1
-2 (base 13) to base 8
-2
What is -335 (base 7) in base 16?
-ad
200 (base 5) to base 12
42
Convert 3 (base 8) to base 6.
3
-157 (base 11) to base 14
-d1
What is -4 (base 12) in base 8?
-4
2 (base 14) to base 11
2
11100 (base 2) to base 15
1d
Convert -18 (base 14) to base 6.
-34
Convert -10 (base 5) to base 2.
-101
Convert -1 (base 3) to base 14.
-1
-1 (base 15) to base 16
-1
Convert 11 (base 6) to base 15.
7
Convert 5 (base 6) to base 14.
5
-3 (base 5)